{"id":496,"date":"2022-03-15T18:16:23","date_gmt":"2022-03-15T18:16:23","guid":{"rendered":"http:\/\/commune.esson.fr\/website\/?page_id=496"},"modified":"2024-03-29T13:16:52","modified_gmt":"2024-03-29T13:16:52","slug":"esson-en-chiffres","status":"publish","type":"page","link":"https:\/\/commune.esson.fr\/website\/?page_id=496","title":{"rendered":"ESSON en Chiffres"},"content":{"rendered":"\n<p class=\"has-medium-font-size\"><strong>Donn\u00e9es g\u00e9n\u00e9rales<\/strong><\/p>\n\n\n\n<p>Population totale au 1er janvier 2023 : &nbsp;568 habitants<\/p>\n\n\n\n<p>Superficie :&nbsp; 8,9 km\u00b2<\/p>\n\n\n\n<p>Densit\u00e9 de population au km\u00b2 :&nbsp; 61 habitants<\/p>\n\n\n\n<p>En 2016 la densit\u00e9 de population \u00e9tait en 57,7 habitants au km<sup>2<\/sup> .&nbsp;&nbsp;<\/p>\n","protected":false},"excerpt":{"rendered":"<p>Donn\u00e9es g\u00e9n\u00e9rales Population totale au 1er janvier 2023 : &nbsp;568 habitants Superficie :&nbsp; 8,9 km\u00b2 Densit\u00e9 de population au km\u00b2 :&nbsp; 61 habitants En 2016 la densit\u00e9 de population \u00e9tait en 57,7 habitants au km2 .&nbsp;&nbsp;<\/p>\n","protected":false},"author":1,"featured_media":0,"parent":0,"menu_order":0,"comment_status":"closed","ping_status":"closed","template":"sidebar-page.php","meta":{"_exactmetrics_skip_tracking":false,"_exactmetrics_sitenote_active":false,"_exactmetrics_sitenote_note":"","_exactmetrics_sitenote_category":0,"footnotes":""},"class_list":["post-496","page","type-page","status-publish","hentry"],"_links":{"self":[{"href":"https:\/\/commune.esson.fr\/website\/index.php?rest_route=\/wp\/v2\/pages\/496","targetHints":{"allow":["GET"]}}],"collection":[{"href":"https:\/\/commune.esson.fr\/website\/index.php?rest_route=\/wp\/v2\/pages"}],"about":[{"href":"https:\/\/commune.esson.fr\/website\/index.php?rest_route=\/wp\/v2\/types\/page"}],"author":[{"embeddable":true,"href":"https:\/\/commune.esson.fr\/website\/index.php?rest_route=\/wp\/v2\/users\/1"}],"replies":[{"embeddable":true,"href":"https:\/\/commune.esson.fr\/website\/index.php?rest_route=%2Fwp%2Fv2%2Fcomments&post=496"}],"version-history":[{"count":4,"href":"https:\/\/commune.esson.fr\/website\/index.php?rest_route=\/wp\/v2\/pages\/496\/revisions"}],"predecessor-version":[{"id":570,"href":"https:\/\/commune.esson.fr\/website\/index.php?rest_route=\/wp\/v2\/pages\/496\/revisions\/570"}],"wp:attachment":[{"href":"https:\/\/commune.esson.fr\/website\/index.php?rest_route=%2Fwp%2Fv2%2Fmedia&parent=496"}],"curies":[{"name":"wp","href":"https:\/\/api.w.org\/{rel}","templated":true}]}}