{"id":132,"date":"2017-05-07T18:40:09","date_gmt":"2017-05-07T18:40:09","guid":{"rendered":"http:\/\/commune.esson.fr\/website\/?page_id=132"},"modified":"2022-03-16T15:51:18","modified_gmt":"2022-03-16T15:51:18","slug":"histoire","status":"publish","type":"page","link":"https:\/\/commune.esson.fr\/website\/?page_id=132","title":{"rendered":"Histoire"},"content":{"rendered":"<h1>Au sud de Caen, un bien curieux cimeti\u00e8re de village : le commun des mortels et&#8230; les autres<\/h1>\n<p>Jusque dans la mort, tout les s\u00e9pare. En fait, c&rsquo;est un mur de pierre qui marque la \u00ab\u00a0fronti\u00e8re\u00a0\u00bb. Une curieuse s\u00e9paration, \u00e7a fait des si\u00e8cles que \u00e7a dure. Il y a d&rsquo;un c\u00f4t\u00e9 le cimeti\u00e8re communal pos\u00e9 sur des graviers blancs autour de la petite \u00e9glise nich\u00e9e pas loin de <strong>Thury-Harcourt<\/strong>, et de l&rsquo;autre, ce parterre \u00e0 l&rsquo;ombre des vieux murs qui l&rsquo;encadrent. On peut aller de l&rsquo;un \u00e0 l&rsquo;autre. Un passage est perc\u00e9 dans la pierre marqu\u00e9e d&rsquo;une belle croix grav\u00e9e, une fleur de lys. Il y a neuf s\u00e9pultures, des st\u00e8les de pierre dont certaines gardent encore visible les noms des d\u00e9funts, le m\u00eame nombre de dalles au sol entourent un ancien calvaire.<br \/>Nous sommes \u00e0 <strong>Esson<\/strong>, en pleine <strong>Suisse normande<\/strong>. On l&rsquo;appelle \u00ab\u00a0le cimeti\u00e8re des nobles\u00a0\u00bb, c&rsquo;est tout dire.<\/p>\n<div id=\"lmm_577a7fda\" style=\"width:640px;\" class=\"mapsmarker markermap marker-1\">\n<div id=\"lmm_panel_577a7fda\" class=\"lmm-panel\" style=\"background:#efefef;\">\n<div id=\"lmm_panel_api_577a7fda\" class=\"lmm-panel-api\"><a href=\"https:\/\/maps.google.com\/maps?daddr=Esson+Normandie%2C+France&amp;t=m&amp;layer=1&amp;doflg=ptk&amp;om=0\" target=\"_blank\" title=\"Obtenir l&#039;itin\u00e9raire\"><img loading=\"lazy\" decoding=\"async\" alt=\"icon-car.png\" src=\"https:\/\/commune.esson.fr\/website\/wp-content\/plugins\/leaflet-maps-marker\/inc\/img\/icon-car.png\" width=\"14\" height=\"14\" class=\"lmm-panel-api-images\" \/><\/a><\/div><div id=\"lmm_panel_text_577a7fda\" class=\"lmm-panel-text\" style=\"font-weight:bold;color:#373737;\">Cimeti\u00e8re des nobles<\/div><\/div>\n<div id=\"lmm_map_577a7fda\" class=\"lmm-map\" style=\"background:#f6f6f6;border:1px solid #ccc;height:480px; overflow:hidden;padding:0;\"><p style=\"font-size:80%;color:#9f9e9e;margin-left:5px;\">chargement de la carte - veuillez patienter...<noscript><br\/><strong>La carte ne peut \u00eatre charg\u00e9e - s'il vous pla\u00eet activer Javascript !<\/strong><br\/><a style=\"text-decoration:none;\" href=\"https:\/\/www.mapsmarker.com\/js-disabled\" target=\"_blank\">&rarr; plus dginformations<\/a><\/noscript><\/p><\/div>\n<div id=\"lmm_geo_tags_577a7fda\" class=\"lmm-geo-tags geo\">\n<span class=\"paneltext\">Cimeti\u00e8re des nobles<\/span>\n<span class=\"latitude\">48.964540<\/span>, <span class=\"longitude\">-0.454141<\/span>\n<span class=\"popuptext\"><\/span>\n<\/div>\n<\/div>\n<h1>Le carr\u00e9 r\u00e9serv\u00e9<\/h1>\n<p>Les anciens seigneurs et propri\u00e9taires du ch\u00e2teau voisin avaient pour s\u00e9pulture un carr\u00e9 qui leur \u00e9tait r\u00e9serv\u00e9 \u00e0 l&rsquo;ombre du cimeti\u00e8re du commun des mortels. Au XVIIIe si\u00e8cle, les Seigneurs d&rsquo;Esson avaient un acc\u00e8s direct \u00e0 \u00ab\u00a0leur\u00a0\u00bb cimeti\u00e8re depuis le parc du ch\u00e2teau.<\/p>\n<figure id=\"attachment_147\" aria-describedby=\"caption-attachment-147\" style=\"width: 224px\" class=\"wp-caption alignleft\"><img loading=\"lazy\" decoding=\"async\" class=\"size-medium wp-image-147\" src=\"https:\/\/commune.esson.fr\/website\/wp-content\/uploads\/2017\/05\/CimNobles1-224x300.png\" alt=\"\" width=\"224\" height=\"300\" srcset=\"https:\/\/commune.esson.fr\/website\/wp-content\/uploads\/2017\/05\/CimNobles1-224x300.png 224w, https:\/\/commune.esson.fr\/website\/wp-content\/uploads\/2017\/05\/CimNobles1.png 331w\" sizes=\"auto, (max-width: 224px) 85vw, 224px\" \/><figcaption id=\"caption-attachment-147\" class=\"wp-caption-text\">Le cimeti\u00e8re des nobles<\/figcaption><\/figure>\n<p>Aujourd&rsquo;hui, la porte qui y menait depuis le ch\u00e2teau a \u00e9t\u00e9 condamn\u00e9e, mais le cimeti\u00e8re priv\u00e9 demeure au sein du cimeti\u00e8re paroissial et on peut y acc\u00e9der en empruntant les all\u00e9es autour de l&rsquo;\u00e9glise. Ici g\u00eet, notamment, la \u00ab\u00a0noble dame\u00a0\u00bb Fran\u00e7oise Marie Madeleine Malleavand de Puy Renaud, \u00e9pouse de Louis Coste de Bagneaux. Tout \u00e0 c\u00f4t\u00e9, \u00ab\u00a0Messire\u00a0\u00bb Raoul Louis Deshays de Gassart. Les tombes align\u00e9es contre le mur sont dispos\u00e9es dans un ordre bien pr\u00e9cis. Le plus puissant des Seigneurs d&rsquo;Esson est celui dont la tombe est la plus proche de l&rsquo;\u00e9glise.<\/p>\n<p>Ce cimeti\u00e8re en deux parties, l&rsquo;une pour le commun des mortels, l&rsquo;autre pour les nobles du pays, est le seul du genre en Normandie. Il t\u00e9moigne d&rsquo;un pass\u00e9 singulier dont on retrouve l&rsquo;histoire dans ces vestiges.<\/p>\n<p>\u00a0<\/p>\n<h1>Le chevalier chauve<\/h1>\n<p>Le petit bourg d&rsquo;Esson 500 habitants a conserv\u00e9 l&rsquo;aspect qu&rsquo;il avait au Moyen \u00e2ge, rien n&rsquo;a chang\u00e9&#8230; Sur la butte qui surplombe la vall\u00e9e de l&rsquo;Orne, la chapelle \u00ab\u00a0<a href=\"https:\/\/commune.esson.fr\/website\/?page_id=251\"><strong>Bonne Nouvelle<\/strong><\/a>\u00a0\u00bb t\u00e9moigne du temps d&rsquo;avant. Elle a \u00e9t\u00e9 fond\u00e9e par Guillaume le Conqu\u00e9rant, le culte daterait de son \u00e9poque. D\u00e9truite \u00e0 la R\u00e9volution, puis restaur\u00e9e en 1821, c&rsquo;est une petite chapelle toute simple. A l&rsquo;int\u00e9rieur, les pages d&rsquo;un petit cahier pos\u00e9 sur l&rsquo;autel sont emplies de mots laiss\u00e9s par les fid\u00e8les. On vient y prier Notre Dame de Bonne Nouvelle. Sur l&rsquo;autre butte qui surplombe la vall\u00e9e, se niche la commune de Cauville, la \u00ab\u00a0Villa du chauve\u00a0\u00bb. On raconte que l&rsquo;ancien Seigneur, le chevalier chauve qui a laiss\u00e9 son nom \u00e0 l&rsquo;endroit, participa aux c\u00f4t\u00e9s de Guillaume le B\u00e2tard, \u00e0 la Bataille d&rsquo;Hastings. Il y a en vis-\u00e0-vis une autre chapelle, la chapelle Saint-Joseph de Saint-Martin-de-Sallen. Tout ce territoire \u00e9tait autrefois recouvert de landes. Elle a disparu quand les troupeaux de moutons s&rsquo;en sont all\u00e9s. Depuis, les bois ont repris place dans le paysage qui s&rsquo;est fig\u00e9 : \u00e0 Esson, les nobles demeures&#8230; demeurent pour l&rsquo;Eternit\u00e9.<\/p>\n\n\n<figure class=\"wp-block-gallery has-nested-images columns-default is-cropped wp-block-gallery-1 is-layout-flex wp-block-gallery-is-layout-flex\">\n<figure class=\"wp-block-image size-large\"><img loading=\"lazy\" decoding=\"async\" width=\"2400\" height=\"1600\" data-id=\"309\" src=\"https:\/\/commune.esson.fr\/website\/wp-content\/uploads\/2017\/08\/DSC_0743.jpg\" alt=\"\" class=\"wp-image-309\" srcset=\"https:\/\/commune.esson.fr\/website\/wp-content\/uploads\/2017\/08\/DSC_0743.jpg 2400w, https:\/\/commune.esson.fr\/website\/wp-content\/uploads\/2017\/08\/DSC_0743-300x200.jpg 300w, https:\/\/commune.esson.fr\/website\/wp-content\/uploads\/2017\/08\/DSC_0743-768x512.jpg 768w, https:\/\/commune.esson.fr\/website\/wp-content\/uploads\/2017\/08\/DSC_0743-1024x683.jpg 1024w, https:\/\/commune.esson.fr\/website\/wp-content\/uploads\/2017\/08\/DSC_0743-450x300.jpg 450w\" sizes=\"auto, (max-width: 709px) 85vw, (max-width: 909px) 67vw, (max-width: 1362px) 62vw, 840px\" \/><\/figure>\n\n\n\n<figure class=\"wp-block-image size-large\"><img loading=\"lazy\" decoding=\"async\" width=\"1600\" height=\"2400\" data-id=\"304\" src=\"https:\/\/commune.esson.fr\/website\/wp-content\/uploads\/2017\/08\/DSC_0738.jpg\" alt=\"\" class=\"wp-image-304\" srcset=\"https:\/\/commune.esson.fr\/website\/wp-content\/uploads\/2017\/08\/DSC_0738.jpg 1600w, https:\/\/commune.esson.fr\/website\/wp-content\/uploads\/2017\/08\/DSC_0738-200x300.jpg 200w, https:\/\/commune.esson.fr\/website\/wp-content\/uploads\/2017\/08\/DSC_0738-768x1152.jpg 768w, https:\/\/commune.esson.fr\/website\/wp-content\/uploads\/2017\/08\/DSC_0738-683x1024.jpg 683w\" sizes=\"auto, (max-width: 709px) 85vw, (max-width: 909px) 67vw, (max-width: 1362px) 62vw, 840px\" \/><\/figure>\n\n\n\n<figure class=\"wp-block-image size-large\"><img loading=\"lazy\" decoding=\"async\" width=\"2400\" height=\"1600\" data-id=\"303\" src=\"https:\/\/commune.esson.fr\/website\/wp-content\/uploads\/2017\/08\/DSC_0737.jpg\" alt=\"\" class=\"wp-image-303\" srcset=\"https:\/\/commune.esson.fr\/website\/wp-content\/uploads\/2017\/08\/DSC_0737.jpg 2400w, https:\/\/commune.esson.fr\/website\/wp-content\/uploads\/2017\/08\/DSC_0737-300x200.jpg 300w, https:\/\/commune.esson.fr\/website\/wp-content\/uploads\/2017\/08\/DSC_0737-768x512.jpg 768w, https:\/\/commune.esson.fr\/website\/wp-content\/uploads\/2017\/08\/DSC_0737-1024x683.jpg 1024w, https:\/\/commune.esson.fr\/website\/wp-content\/uploads\/2017\/08\/DSC_0737-450x300.jpg 450w\" sizes=\"auto, (max-width: 709px) 85vw, (max-width: 909px) 67vw, (max-width: 1362px) 62vw, 840px\" \/><\/figure>\n\n\n\n<figure class=\"wp-block-image size-large\"><img loading=\"lazy\" decoding=\"async\" width=\"1600\" height=\"2400\" data-id=\"306\" src=\"https:\/\/commune.esson.fr\/website\/wp-content\/uploads\/2017\/08\/DSC_0740.jpg\" alt=\"\" class=\"wp-image-306\" srcset=\"https:\/\/commune.esson.fr\/website\/wp-content\/uploads\/2017\/08\/DSC_0740.jpg 1600w, https:\/\/commune.esson.fr\/website\/wp-content\/uploads\/2017\/08\/DSC_0740-200x300.jpg 200w, https:\/\/commune.esson.fr\/website\/wp-content\/uploads\/2017\/08\/DSC_0740-768x1152.jpg 768w, https:\/\/commune.esson.fr\/website\/wp-content\/uploads\/2017\/08\/DSC_0740-683x1024.jpg 683w\" sizes=\"auto, (max-width: 709px) 85vw, (max-width: 909px) 67vw, (max-width: 1362px) 62vw, 840px\" \/><\/figure>\n\n\n\n<figure class=\"wp-block-image size-large\"><img loading=\"lazy\" decoding=\"async\" width=\"2400\" height=\"1600\" data-id=\"305\" src=\"https:\/\/commune.esson.fr\/website\/wp-content\/uploads\/2017\/08\/DSC_0739.jpg\" alt=\"\" class=\"wp-image-305\" srcset=\"https:\/\/commune.esson.fr\/website\/wp-content\/uploads\/2017\/08\/DSC_0739.jpg 2400w, https:\/\/commune.esson.fr\/website\/wp-content\/uploads\/2017\/08\/DSC_0739-300x200.jpg 300w, https:\/\/commune.esson.fr\/website\/wp-content\/uploads\/2017\/08\/DSC_0739-768x512.jpg 768w, https:\/\/commune.esson.fr\/website\/wp-content\/uploads\/2017\/08\/DSC_0739-1024x683.jpg 1024w, https:\/\/commune.esson.fr\/website\/wp-content\/uploads\/2017\/08\/DSC_0739-450x300.jpg 450w\" sizes=\"auto, (max-width: 709px) 85vw, (max-width: 909px) 67vw, (max-width: 1362px) 62vw, 840px\" \/><\/figure>\n\n\n\n<figure class=\"wp-block-image size-large\"><img loading=\"lazy\" decoding=\"async\" width=\"331\" height=\"443\" data-id=\"147\" src=\"https:\/\/commune.esson.fr\/website\/wp-content\/uploads\/2017\/05\/CimNobles1.png\" alt=\"\" class=\"wp-image-147\" srcset=\"https:\/\/commune.esson.fr\/website\/wp-content\/uploads\/2017\/05\/CimNobles1.png 331w, https:\/\/commune.esson.fr\/website\/wp-content\/uploads\/2017\/05\/CimNobles1-224x300.png 224w\" sizes=\"auto, (max-width: 331px) 85vw, 331px\" \/><figcaption>Le cimeti\u00e8re des nobles<\/figcaption><\/figure>\n<\/figure>\n","protected":false},"excerpt":{"rendered":"<p>Au sud de Caen, un bien curieux cimeti\u00e8re de village : le commun des mortels et&#8230; les autres Jusque dans la mort, tout les s\u00e9pare. En fait, c&rsquo;est un mur de pierre qui marque la \u00ab\u00a0fronti\u00e8re\u00a0\u00bb. Une curieuse s\u00e9paration, \u00e7a fait des si\u00e8cles que \u00e7a dure. Il y a d&rsquo;un c\u00f4t\u00e9 le cimeti\u00e8re communal pos\u00e9 &hellip; <a href=\"https:\/\/commune.esson.fr\/website\/?page_id=132\" class=\"more-link\">Continuer la lecture<span class=\"screen-reader-text\"> de &laquo;&nbsp;Histoire&nbsp;&raquo;<\/span><\/a><\/p>\n","protected":false},"author":1,"featured_media":0,"parent":0,"menu_order":0,"comment_status":"closed","ping_status":"closed","template":"sidebar-page.php","meta":{"_exactmetrics_skip_tracking":false,"_exactmetrics_sitenote_active":false,"_exactmetrics_sitenote_note":"","_exactmetrics_sitenote_category":0,"footnotes":""},"class_list":["post-132","page","type-page","status-publish","hentry"],"_links":{"self":[{"href":"https:\/\/commune.esson.fr\/website\/index.php?rest_route=\/wp\/v2\/pages\/132","targetHints":{"allow":["GET"]}}],"collection":[{"href":"https:\/\/commune.esson.fr\/website\/index.php?rest_route=\/wp\/v2\/pages"}],"about":[{"href":"https:\/\/commune.esson.fr\/website\/index.php?rest_route=\/wp\/v2\/types\/page"}],"author":[{"embeddable":true,"href":"https:\/\/commune.esson.fr\/website\/index.php?rest_route=\/wp\/v2\/users\/1"}],"replies":[{"embeddable":true,"href":"https:\/\/commune.esson.fr\/website\/index.php?rest_route=%2Fwp%2Fv2%2Fcomments&post=132"}],"version-history":[{"count":11,"href":"https:\/\/commune.esson.fr\/website\/index.php?rest_route=\/wp\/v2\/pages\/132\/revisions"}],"predecessor-version":[{"id":529,"href":"https:\/\/commune.esson.fr\/website\/index.php?rest_route=\/wp\/v2\/pages\/132\/revisions\/529"}],"wp:attachment":[{"href":"https:\/\/commune.esson.fr\/website\/index.php?rest_route=%2Fwp%2Fv2%2Fmedia&parent=132"}],"curies":[{"name":"wp","href":"https:\/\/api.w.org\/{rel}","templated":true}]}}