{"id":12,"date":"2017-04-29T18:10:04","date_gmt":"2017-04-29T18:10:04","guid":{"rendered":"http:\/\/commune.esson.fr\/website\/?page_id=12"},"modified":"2024-03-29T13:00:57","modified_gmt":"2024-03-29T13:00:57","slug":"meilleurs-voeux-2017","status":"publish","type":"page","link":"https:\/\/commune.esson.fr\/website\/","title":{"rendered":"Meilleurs Voeux 2023"},"content":{"rendered":"\n<p><strong>Chers administr\u00e9s,<\/strong><\/p>\n\n\n\n<p>Je suis heureux de vous pr\u00e9senter cette nouvelle \u00e9dition de votre bulletin municipal.<\/p>\n\n\n\n<p>En ce d\u00e9but d\u2019ann\u00e9e, mes premiers mots vont vers vous chers habitants, car s\u2019il est bien une tradition \u00e0 laquelle on ne d\u00e9roge pas, c\u2019est celle des voeux.<\/p>\n\n\n\n<p>Permettez-moi donc de vous adresser, en mon nom personnel et au nom de tous les \u00e9lus qui forment ce conseil Municipal, des v\u0153ux sinc\u00e8res pour cette ann\u00e9e 2024.<\/p>\n\n\n\n<p>Des v\u0153ux de bonne sant\u00e9, de travail et de r\u00e9ussite pour vous, vos familles et tous ceux qui vous sont chers.<\/p>\n\n\n\n<p>Cette ann\u00e9e 2023, situ\u00e9e a mi-mandat, aura \u00e9t\u00e9 marqu\u00e9e au niveau de l\u2019\u00e9cole par la prise de fonction d\u2019une nouvelle directrice M\u00e9lanie<strong> CHEVAUCHERIE<\/strong>. Nous lui souhaitons la bienvenue, entour\u00e9e de son \u00e9quipe d\u2019enseignants et d\u2019agents p\u00e9riscolaires toujours aussi dynamiques.<\/p>\n\n\n\n<p>Concernant les travaux : l\u2019effacement de r\u00e9seaux Rue de Gronde, Rue du Mois de Mai, Chemin du Boudinier a \u00e9t\u00e9 finalis\u00e9. Cr\u00e9ation d\u2019un columbarium \u00e0 l\u2019int\u00e9rieur du cimeti\u00e8re, projet faisant suite \u00e0 plusieurs demandes.<\/p>\n\n\n\n<p>Pour 2024, poursuite du 3\u00e8me programme des effacement : Rue des Fosses et Chemin des Cr\u00eates( travaux pr\u00e9vus 1er semestre 2024). Finalisation de la d\u00e9fense incendie sur notre commune.<\/p>\n\n\n\n<p>Une r\u00e9flexion est en cours sur le projet d\u2019am\u00e9nagement du bourg : \u00e0 savoir les abords de la salle des f\u00eates, le parking pr\u00e8s de l\u2019arr\u00eat de bus, les entr\u00e9es de bourg, la s\u00e9curisation au niveau des intersections et au niveau du chemin de l\u2019\u00e9cole vers la salle des f\u00eates, parking v\u00e9lo derri\u00e8re la mairie.<\/p>\n\n\n\n<p>Je profite de cet \u00e9dito pour remercier \u00e0 nouveau les \u00e9lus qui m\u2019entourent, pour leur investissement au sein de la vie municipale ainsi que le personnel communal qui se donne pleinement au quotidien, dans la mission de service&nbsp; public.<\/p>\n\n\n\n<p>Belle et heureuse ann\u00e9e 2024 \u00e0 toutes et \u00e0 tous<\/p>\n\n\n\n<p>Prenez soin de vous<\/p>\n\n\n\n<p><br>Joyeuse ann\u00e9e 2023.<\/p>\n\n\n\n<p class=\"has-text-align-right\"><strong>Gilles PITEL<\/strong><\/p>\n\n\n\n<p class=\"has-text-align-right\">MAIRE<\/p>\n","protected":false},"excerpt":{"rendered":"<p>Chers administr\u00e9s, Je suis heureux de vous pr\u00e9senter cette nouvelle \u00e9dition de votre bulletin municipal. En ce d\u00e9but d\u2019ann\u00e9e, mes premiers mots vont vers vous chers habitants, car s\u2019il est bien une tradition \u00e0 laquelle on ne d\u00e9roge pas, c\u2019est celle des voeux. Permettez-moi donc de vous adresser, en mon nom personnel et au nom &hellip; <a href=\"https:\/\/commune.esson.fr\/website\/\" class=\"more-link\">Continuer la lecture<span class=\"screen-reader-text\"> de &laquo;&nbsp;Meilleurs Voeux 2023&nbsp;&raquo;<\/span><\/a><\/p>\n","protected":false},"author":1,"featured_media":0,"parent":0,"menu_order":0,"comment_status":"closed","ping_status":"closed","template":"sidebar-page.php","meta":{"_exactmetrics_skip_tracking":false,"_exactmetrics_sitenote_active":false,"_exactmetrics_sitenote_note":"","_exactmetrics_sitenote_category":0,"footnotes":""},"class_list":["post-12","page","type-page","status-publish","hentry"],"_links":{"self":[{"href":"https:\/\/commune.esson.fr\/website\/index.php?rest_route=\/wp\/v2\/pages\/12","targetHints":{"allow":["GET"]}}],"collection":[{"href":"https:\/\/commune.esson.fr\/website\/index.php?rest_route=\/wp\/v2\/pages"}],"about":[{"href":"https:\/\/commune.esson.fr\/website\/index.php?rest_route=\/wp\/v2\/types\/page"}],"author":[{"embeddable":true,"href":"https:\/\/commune.esson.fr\/website\/index.php?rest_route=\/wp\/v2\/users\/1"}],"replies":[{"embeddable":true,"href":"https:\/\/commune.esson.fr\/website\/index.php?rest_route=%2Fwp%2Fv2%2Fcomments&post=12"}],"version-history":[{"count":15,"href":"https:\/\/commune.esson.fr\/website\/index.php?rest_route=\/wp\/v2\/pages\/12\/revisions"}],"predecessor-version":[{"id":563,"href":"https:\/\/commune.esson.fr\/website\/index.php?rest_route=\/wp\/v2\/pages\/12\/revisions\/563"}],"wp:attachment":[{"href":"https:\/\/commune.esson.fr\/website\/index.php?rest_route=%2Fwp%2Fv2%2Fmedia&parent=12"}],"curies":[{"name":"wp","href":"https:\/\/api.w.org\/{rel}","templated":true}]}}